k. Suppose -2*x + 32 = -k*x. List the prime factors of x.
2
Let a(i) = -i + 3. Let p be a(0). Suppose p*v = -v - 32. Let x = 19 + v. What are the prime factors of x?
11
Let i(d) = -d + 18. Let n be i(-14). Let g(f) = f**2 - 5*f + 3. Let j be g(5). Suppose j*m = m + n. What are the prime factors of m?
2
Let k be ((-1)/2)/((-1)/(-30)). What are the prime factors of 2/(-3) - 145/k?
3
Suppose -20 = 2*h - 3*h. Suppose 22 = 5*u - 5*l - 3, 0 = -4*u + 3*l + h. What are the prime factors of u?
5
Suppose 4*d - 4*t - 100 - 8 = 0, 0 = -d - t + 37. What are the prime factors of d?
2
Suppose 62 + 8 = 5*x. What are the prime factors of x?
2, 7
Suppose 6 + 0 = 2*b. Let j = b - -1. List the prime factors of j.
2
Let k(z) = 10*z + 2. Suppose -6 = 3*f - 0*f, -5*t - 3*f + 14 = 0. Let b(h) = -21*h - 4. Let v(u) = t*b(u) + 9*k(u). What are the prime factors of v(2)?
2, 7
Suppose -129 = -3*w + 57. Suppose -75 = -6*s + s + 4*v, 3*s + v - w = 0. What are the prime factors of s?
19
Let a(q) = -3*q**2 + q. Let i be a(-1). Let m(o) = -2*o - 3. Let p be m(i). Suppose 2*s - 22 = -s - x, p*s - 50 = -5*x. List the prime factors of s.
2, 3
Suppose -17 = -4*x - 5. Suppose x = y + 5. List the prime factors of (y/(-3))/(6/27).
3
Let u(b) = -9*b + 13. List the prime factors of u(-8).
5, 17
List the prime factors of (12/8)/(3/76).
2, 19
Suppose -4*z + 43 = -5*c - 151, -5*z = 5*c - 265. List the prime factors of z.
3, 17
Let a(m) = -3*m + 1. Let g be a(-1). Let t = 5 + g. List the prime factors of t.
3
What are the prime factors of -9*4/30*1715/(-14)?
3, 7
Let g = -5 + 7. List the prime factors of g.
2
Let m = -12 + -13. List the prime factors of (-20)/m*50/4.
2, 5
Let g be 6/9 - (-4)/(-6). Let j be (-2)/(-2) + (1 - g). Suppose -20 + 2 = -j*n. List the prime factors of n.
3
List the prime factors of (-4395)/10*2/(-3).
293
Let i = 1 + 1. Let z = i - -1. Let n = z - 1. List the prime factors of n.
2
Suppose s + o = 31, 3*o - 3 = 6*o. Suppose 3*v = 2*h + v - s, -h + 4*v = -22. What are the prime factors of h?
2, 7
Suppose -2 = -2*u + 2. Suppose 3*g - u*g - 4*v = 8, -4*g = 4*v - 32. List the prime factors of g.
2
Let k = 18 + -38. Let m be (5/10)/((-2)/k). What are the prime factors of (0 - -1) + (m - 3)?
3
Suppose 159 = 2*v + 33. Let q be 1/((-39)/(-12) + -3). Suppose v + 5 = q*k. What are the prime factors of k?
17
Let s = -67 + 122. What are the prime factors of s?
5, 11
Let w(i) = -11*i + 6. Let v(y) = 12*y - 6. Let x(u) = -2*v(u) - 3*w(u). Let b be x(6). Suppose 5*o - b = 2*o. What are the prime factors of o?
2
Let x(v) = 3*v**2 - 23*v + 4. What are the prime factors of x(11)?
2, 3, 19
Let f = -65 + 291. What are the prime factors of f?
2, 113
Suppose 0 = -2*t + 6*t - 36. Suppose t = -h - 1. Let s = -4 - h. List the prime factors of s.
2, 3
List the prime factors of -2 + -2 - -32*1.
2, 7
Suppose -4 = c - 2*a, -3*a = 2*c - 16 - 11. Let m(l) = l**2 - 7*l + 6. Let z be m(c). Suppose -3*j = -6 - z. What are the prime factors of j?
2
Let i(z) = -z + 3. Let o be i(-4). Let s(m) = 5*m**2 + 23*m + 7. Let f(y) = 3*y**2 + 15*y + 5. Let l(a) = -8*f(a) + 5*s(a). List the prime factors of l(o).
3
Let l(b) = -6*b**2 - b + 4*b**2 + 13 + 3*b**2. List the prime factors of l(0).
13
Suppose 5*t - 26 = 4. Suppose -3*c + t = 0, 0 = f - 0*c + 3*c - 13. What are the prime factors of f?
7
Let d = 10 - 7. Suppose 5*m - 12 = d*m. What are the prime factors of m?
2, 3
Suppose -6*s + s + 10 = 2*o, s = o + 2. Let y be (o + 3/(-6))*0. Let b = y + 5. List the prime factors of b.
5
Let h(m) = -5 + 3*m - m + 4. Let t be h(4). Let g = 12 + t. List the prime factors of g.
19
Suppose 4*n + 79 = 7. What are the prime factors of 40/3 - (-6)/n?
13
Let u be 48/30 + 2/5. Suppose 4*o - 5*m = -0 + 1, -4*o - 2 = -u*m. Let h = 5 - o. List the prime factors of h.
2, 3
Let g(z) = z**2 + 3*z - 5. Let k be g(-10). Suppose -4*q + k = 5*x, -27 = -4*q + 5*x + 28. What are the prime factors of q?
3, 5
Let u = 55 - 11. Suppose 34 = 4*z + a - 3*a, 2*a = 5*z - u. Suppose -2*o = 2*v - 20, 2*o = -o + 2*v + z. List the prime factors of o.
2, 3
Let o(d) = d - 3*d - 3 + d - d + 3*d**2. List the prime factors of o(-2).
13
Suppose -134*u - 504 = -138*u. List the prime factors of u.
2, 3, 7
Let s(r) = -2*r**3 - 7*r**2 - 10*r - 4. What are the prime factors of s(-4)?
2, 13
Let o(h) = 3*h**2 + 4*h + 4. Suppose 0 = -4*b + 2*b - 6. List the prime factors of o(b).
19
Suppose 1604 = 7*h - 377. What are the prime factors of h?
283
List the prime factors of 118 - 2/((-2)/3).
11
Suppose -17 + 7 = 5*b. What are the prime factors of b - (-3)/1 - -1?
2
Let g = -25 - -273. What are the prime factors of g?
2, 31
Let w(b) be the first derivative of b**2/2 - b - 4. Let x be w(6). Suppose -4 = -x*t + m + 38, 3 = -t + 4*m. What are the prime factors of t?
3
List the prime factors of 171/12 + 2/(-8).
2, 7
Suppose -74 - 291 = -5*v. What are the prime factors of v?
73
Let h(g) = 19*g**2 + g. Let j be h(1). Suppose 2*x + 2*x = j. List the prime factors of x.
5
Suppose 4 = 5*s - 86. Let c = s - 3. List the prime factors of c.
3, 5
Suppose -13 = -t - 0*t + 3*h, -h + 33 = 2*t. What are the prime factors of t?
2
Let v be 2/3 + (-2)/3. What are the prime factors of 0 - (0 + -9) - v?
3
Let c = -30 - -74. What are the prime factors of c?
2, 11
Let n = 34 + -4. List the prime factors of n.
2, 3, 5
Let p be (-10)/(-2 - (-12)/9). Suppose -4*k = -3*q - 16 - 4, -q - p = -3*k. List the prime factors of k.
5
Let r = -5 + 3. Let q = r - -6. List the prime factors of q.
2
Let m(u) = 2*u**3 + u**2 + 4*u - 10. List the prime factors of m(3).
5, 13
Let m = 3 - -1. Suppose 0*f = -3*f - 4*u - 3, m*f - 21 = 3*u. List the prime factors of f.
3
Let n(c) be the first derivative of c**4/12 - 4*c**3/3 + 11*c**2/2 + c - 1. Let j(b) be the first derivative of n(b). List the prime factors of j(8).
11
Let d = 22 + -18. List the prime factors of d.
2
Let j(g) = -4*g**2 - 2*g - 1. Let b be j(-1). Let s(r) be the first derivative of -r**4/4 - 2*r**3/3 + 2*r + 2. List the prime factors of s(b).
11
Let c = -6 + 64. What are the prime factors of c?
2, 29
Let k(i) = i**2 - 3*i - 4. Let t = 13 - 8. Suppose 0*w + w - 2*x - 13 = 0, -9 = -t*w - 4*x. List the prime factors of k(w).
2, 3
Suppose 0 = -3*d - d. Suppose d*u = -u + 3. What are the prime factors of u?
3
List the prime factors of ((-15)/(-20))/((-2)/(-304)).
2, 3, 19
Let q = -87 - -169. What are the prime factors of q?
2, 41
Suppose -5*l + 4*l = -171. What are the prime factors of l?
3, 19
Suppose -2*f + 4*o - 17 = -79, 5*o + 139 = 4*f. Suppose -f = 5*y - 151. What are the prime factors of y?
2, 11
Let m(v) = 21*v - 24. What are the prime factors of m(4)?
2, 3, 5
Let s = 22 + 4. List the prime factors of s.
2, 13
Suppose 2*v - 6*v + 12 = 0. Suppose -30 = -x - v*x + 3*z, -3*x - z = -16. List the prime factors of x.
2, 3
Let g(t) = 3*t**2 - 6*t + 12. What are the prime factors of g(-6)?
2, 3, 13
Suppose 4*z = -2*q + 740, -178 = 4*z - 5*z + 3*q. List the prime factors of z.
2, 23
Let z(j) = j + 6. What are the prime factors of z(4)?
2, 5
Let l(p) = p**2 + p. Let v be l(1). Let j = 4 - v. Suppose j*o = -4 + 18. What are the prime factors of o?
7
Suppose -3*v = -4*m + 2, -2*m + 4*v = -7*m + 18. Suppose 3*s - 31 = 2*h, m*s - 2*h - 2*h - 34 = 0. List the prime factors of s.
7
Suppose -z + 6*z + 102 = 4*u, 5*z + 33 = u. What are the prime factors of u?
23
Suppose -4*g = -r + 5*r + 76, -5*g + 25 = -3*r. Let k = r - -29. What are the prime factors of k?
2, 7
Suppose -3*n = -1 - 5. Suppose n*v + 99 = 5*v. List the prime factors of v.
3, 11
Let j(u) be the second derivative of -u**4/6 - 5*u**3/6 - u**2 - 3*u. Let r be j(-3). What are the prime factors of 2 - (-3)/(-3)*r?
7
Let f be 4/18 - (-4)/(-18). Suppose -p - 2 + 12 = f. List the prime factors of p.
2, 5
Let x be (-14)/(-4) - (-21)/14. Suppose 26 = x*c - 4*f - 14, 5*f = -c + 37. What are the prime factors of c?
2, 3
Let r = -8 + 41. What are the prime factors of r?
3, 11
Let d = 301 + -146. List the prime factors of d.
5, 31
Let i = 12 - 8. Let c = 9 + i. What are the prime factors of c?
13
What are the prime factors of 1/(3/(-93)*-1)?
31
Suppose -3*d - 2*d = -785. List the prime factors of d.
157
Let o(n) = 19*n**2 - 4 + 5 - 1. What are the prime factors of o(-1)?
19
Suppose c - 2*w = 5*c - 40, 5*w 